{"id":16434,"date":"2018-10-19T00:18:38","date_gmt":"2018-10-18T22:18:38","guid":{"rendered":"https:\/\/www.ggminmi.si\/kandidati-za-clane-obcinskega-sveta-obcine-piran\/"},"modified":"2022-11-18T01:58:11","modified_gmt":"2022-11-18T00:58:11","slug":"candidati-a-membri-del-consiglio-comunale-del-comune-di-pirano","status":"publish","type":"page","link":"https:\/\/www.ggminmi.si\/it\/candidati-a-membri-del-consiglio-comunale-del-comune-di-pirano\/","title":{"rendered":"Candidati a membri del Consiglio comunale del Comune di Pirano"},"content":{"rendered":"<section class=\"wpb-content-wrapper\"><p>[vc_row css_animation=&#8221;&#8221; row_type=&#8221;row&#8221; use_row_as_full_screen_section=&#8221;no&#8221; type=&#8221;grid&#8221; anchor=&#8221;kandidati-za-obcinski-svet&#8221; angled_section=&#8221;no&#8221; text_align=&#8221;center&#8221; background_image_as_pattern=&#8221;without_pattern&#8221; background_color=&#8221;#ffffff&#8221; padding_top=&#8221;50&#8243; padding_bottom=&#8221;50&#8243; z_index=&#8221;&#8221;][vc_column css=&#8221;.vc_custom_1666135886862{padding-top: 0px !important;}&#8221;][vc_row_inner row_type=&#8221;row&#8221; type=&#8221;grid&#8221; text_align=&#8221;left&#8221; css_animation=&#8221;&#8221;][vc_column_inner][vc_column_text]<\/p>\n<h1 style=\"text-align: center;\">Candidati a membri del Consiglio comunale del Comune di Pirano<\/h1>\n<p>[\/vc_column_text][vc_separator type=&#8221;small&#8221; position=&#8221;center&#8221; up=&#8221;20&#8243; down=&#8221;50&#8243;][vc_single_image image=&#8221;16460&#8243; img_size=&#8221;full&#8221; alignment=&#8221;center&#8221; qode_css_animation=&#8221;&#8221;][\/vc_column_inner][\/vc_row_inner][vc_separator type=&#8221;transparent&#8221; up=&#8221;40&#8243;][vc_row_inner row_type=&#8221;row&#8221; type=&#8221;full_width&#8221; text_align=&#8221;center&#8221; css_animation=&#8221;&#8221;][vc_column_inner width=&#8221;1\/2&#8243;][vc_single_image image=&#8221;15755&#8243; img_size=&#8221;150&#215;150&#8243; alignment=&#8221;center&#8221; style=&#8221;vc_box_circle_2&#8243; qode_css_animation=&#8221;&#8221; qode_hover_animation=&#8221;zoom_in&#8221;][vc_separator type=&#8221;transparent&#8221; up=&#8221;40&#8243; down=&#8221;0&#8243;][vc_column_text]<\/p>\n<h4><strong>UNIT\u00c0 ELETTORALE 1 &#8211; PIRANO<\/strong><\/h4>\n<h5>1. SANDRA MARTIN\u010cI\u0106 LOBODA<\/h5>\n<h5>2. DRAGAN KLARICA<br \/>\n3. MILJANA MAR\u010cETA JOVANOVI\u0106<br \/>\n5. NATALIJA PLANINC<br \/>\n6. MARKO JOVANOVI\u0106<\/h5>\n<p>[\/vc_column_text][vc_separator type=&#8221;transparent&#8221; up=&#8221;40&#8243; down=&#8221;0&#8243;][vc_single_image image=&#8221;15756&#8243; img_size=&#8221;150&#215;150&#8243; alignment=&#8221;center&#8221; style=&#8221;vc_box_circle_2&#8243; qode_css_animation=&#8221;&#8221; qode_hover_animation=&#8221;zoom_in&#8221;][vc_separator type=&#8221;transparent&#8221; up=&#8221;40&#8243; down=&#8221;0&#8243;][vc_column_text]<\/p>\n<h4><strong>UNIT\u00c0 ELETTORALE 2 &#8211; PORTOROSE<\/strong><\/h4>\n<h5>1. IRENA CVETI\u010cANIN \u010cENDAK<br \/>\n2. EGON MAGLICA<br \/>\n3. VERONIKA FUKS-TOMA\u017dI\u010c<br \/>\n4. MARTIN QUIRA<br \/>\n5. TATJANA FAKIN<\/h5>\n<p>[\/vc_column_text][vc_separator type=&#8221;transparent&#8221; up=&#8221;40&#8243; down=&#8221;0&#8243;][\/vc_column_inner][vc_column_inner width=&#8221;1\/2&#8243;][vc_single_image image=&#8221;15753&#8243; img_size=&#8221;150&#215;150&#8243; alignment=&#8221;center&#8221; style=&#8221;vc_box_circle_2&#8243; qode_css_animation=&#8221;&#8221; qode_hover_animation=&#8221;zoom_in&#8221;][vc_separator type=&#8221;transparent&#8221; up=&#8221;40&#8243; down=&#8221;0&#8243;][vc_column_text]<\/p>\n<h4><strong>UNIT\u00c0 ELETTORALE 3 &#8211; LUCIA<\/strong><\/h4>\n<h5>1. GA\u0160PAR GA\u0160PAR MI\u0160I\u010c<br \/>\n2. JASMINA JA\u0160AREVI\u0106<br \/>\n3. DU\u0160AN PUH<br \/>\n4. LEONIDA FURMAN<br \/>\n5. STELIO JUGOVAC<br \/>\n6. \u017dANNA STERM\u0160EK<\/h5>\n<p>[\/vc_column_text][vc_separator type=&#8221;transparent&#8221; up=&#8221;40&#8243; down=&#8221;0&#8243;][vc_single_image image=&#8221;16534&#8243; img_size=&#8221;150&#215;150&#8243; alignment=&#8221;center&#8221; style=&#8221;vc_box_circle_2&#8243; qode_css_animation=&#8221;&#8221; qode_hover_animation=&#8221;zoom_in&#8221;][vc_separator type=&#8221;transparent&#8221; up=&#8221;40&#8243; down=&#8221;0&#8243;][vc_column_text]<\/p>\n<h4><strong>UNIT\u00c0 ELETTORALE 4\u00a0&#8211; ENTROTERRA<\/strong><\/h4>\n<h5>1. DENIS FAKIN<br \/>\n2. MAJA LU\u0160INA<br \/>\n3. JOSO BEGI\u0106<br \/>\n4. CLAUDIA CORONICA<br \/>\n5. CLAUDIO CORONICA<\/h5>\n<p>[\/vc_column_text][vc_separator type=&#8221;transparent&#8221; up=&#8221;40&#8243; down=&#8221;0&#8243;][\/vc_column_inner][\/vc_row_inner][\/vc_column][\/vc_row]<\/p>\n<\/section>","protected":false},"excerpt":{"rendered":"<p>[vc_row css_animation=&#8221;&#8221; row_type=&#8221;row&#8221; use_row_as_full_screen_section=&#8221;no&#8221; type=&#8221;grid&#8221; anchor=&#8221;kandidati-za-obcinski-svet&#8221; angled_section=&#8221;no&#8221; text_align=&#8221;center&#8221; background_image_as_pattern=&#8221;without_pattern&#8221; background_color=&#8221;#ffffff&#8221; padding_top=&#8221;50&#8243; padding_bottom=&#8221;50&#8243; z_index=&#8221;&#8221;][vc_column css=&#8221;.vc_custom_1666135886862{padding-top: 0px !important;}&#8221;][vc_row_inner row_type=&#8221;row&#8221; type=&#8221;grid&#8221; text_align=&#8221;left&#8221; css_animation=&#8221;&#8221;][vc_column_inner][vc_column_text] Candidati a membri del Consiglio comunale del Comune di Pirano [\/vc_column_text][vc_separator type=&#8221;small&#8221; position=&#8221;center&#8221; up=&#8221;20&#8243; down=&#8221;50&#8243;][vc_single_image image=&#8221;16460&#8243; img_size=&#8221;full&#8221; alignment=&#8221;center&#8221; qode_css_animation=&#8221;&#8221;][\/vc_column_inner][\/vc_row_inner][vc_separator type=&#8221;transparent&#8221; up=&#8221;40&#8243;][vc_row_inner row_type=&#8221;row&#8221; type=&#8221;full_width&#8221; text_align=&#8221;center&#8221; css_animation=&#8221;&#8221;][vc_column_inner<\/p>\n","protected":false},"author":1,"featured_media":0,"parent":0,"menu_order":0,"comment_status":"open","ping_status":"closed","template":"full_width.php","meta":{"_monsterinsights_skip_tracking":false,"_monsterinsights_sitenote_active":false,"_monsterinsights_sitenote_note":"","_monsterinsights_sitenote_category":0},"_links":{"self":[{"href":"https:\/\/www.ggminmi.si\/it\/wp-json\/wp\/v2\/pages\/16434"}],"collection":[{"href":"https:\/\/www.ggminmi.si\/it\/wp-json\/wp\/v2\/pages"}],"about":[{"href":"https:\/\/www.ggminmi.si\/it\/wp-json\/wp\/v2\/types\/page"}],"author":[{"embeddable":true,"href":"https:\/\/www.ggminmi.si\/it\/wp-json\/wp\/v2\/users\/1"}],"replies":[{"embeddable":true,"href":"https:\/\/www.ggminmi.si\/it\/wp-json\/wp\/v2\/comments?post=16434"}],"version-history":[{"count":7,"href":"https:\/\/www.ggminmi.si\/it\/wp-json\/wp\/v2\/pages\/16434\/revisions"}],"predecessor-version":[{"id":16662,"href":"https:\/\/www.ggminmi.si\/it\/wp-json\/wp\/v2\/pages\/16434\/revisions\/16662"}],"wp:attachment":[{"href":"https:\/\/www.ggminmi.si\/it\/wp-json\/wp\/v2\/media?parent=16434"}],"curies":[{"name":"wp","href":"https:\/\/api.w.org\/{rel}","templated":true}]}}

<section class="wpb-content-wrapper"><p>[vc_row css_animation=&#8221;&#8221; row_type=&#8221;row&#8221; use_row_as_full_screen_section=&#8221;no&#8221; type=&#8221;grid&#8221; anchor=&#8221;kandidati-za-obcinski-svet&#8221; angled_section=&#8221;no&#8221; text_align=&#8221;center&#8221; background_image_as_pattern=&#8221;without_pattern&#8221; background_color=&#8221;#ffffff&#8221; padding_top=&#8221;50&#8243; padding_bottom=&#8221;50&#8243; z_index=&#8221;&#8221;][vc_column css=&#8221;.vc_custom_1666135886862{padding-top: 0px !important;}&#8221;][vc_row_inner row_type=&#8221;row&#8221; type=&#8221;grid&#8221; text_align=&#8221;left&#8221; css_animation=&#8221;&#8221;][vc_column_inner][vc_column_text]</p>
<h1 style="text-align: center;">Candidati a membri del Consiglio comunale del Comune di Pirano</h1>
<p>[/vc_column_text][vc_separator type=&#8221;small&#8221; position=&#8221;center&#8221; up=&#8221;20&#8243; down=&#8221;50&#8243;][vc_single_image image=&#8221;16460&#8243; img_size=&#8221;full&#8221; alignment=&#8221;center&#8221; qode_css_animation=&#8221;&#8221;][/vc_column_inner][/vc_row_inner][vc_separator type=&#8221;transparent&#8221; up=&#8221;40&#8243;][vc_row_inner row_type=&#8221;row&#8221; type=&#8221;full_width&#8221; text_align=&#8221;center&#8221; css_animation=&#8221;&#8221;][vc_column_inner width=&#8221;1/2&#8243;][vc_single_image image=&#8221;15755&#8243; img_size=&#8221;150&#215;150&#8243; alignment=&#8221;center&#8221; style=&#8221;vc_box_circle_2&#8243; qode_css_animation=&#8221;&#8221; qode_hover_animation=&#8221;zoom_in&#8221;][vc_separator type=&#8221;transparent&#8221; up=&#8221;40&#8243; down=&#8221;0&#8243;][vc_column_text]</p>
<h4><strong>UNITÀ ELETTORALE 1 &#8211; PIRANO</strong></h4>
<h5>1. SANDRA MARTINČIĆ LOBODA</h5>
<h5>2. DRAGAN KLARICA<br />
3. MILJANA MARČETA JOVANOVIĆ<br />
5. NATALIJA PLANINC<br />
6. MARKO JOVANOVIĆ</h5>
<p>[/vc_column_text][vc_separator type=&#8221;transparent&#8221; up=&#8221;40&#8243; down=&#8221;0&#8243;][vc_single_image image=&#8221;15756&#8243; img_size=&#8221;150&#215;150&#8243; alignment=&#8221;center&#8221; style=&#8221;vc_box_circle_2&#8243; qode_css_animation=&#8221;&#8221; qode_hover_animation=&#8221;zoom_in&#8221;][vc_separator type=&#8221;transparent&#8221; up=&#8221;40&#8243; down=&#8221;0&#8243;][vc_column_text]</p>
<h4><strong>UNITÀ ELETTORALE 2 &#8211; PORTOROSE</strong></h4>
<h5>1. IRENA CVETIČANIN ČENDAK<br />
2. EGON MAGLICA<br />
3. VERONIKA FUKS-TOMAŽIČ<br />
4. MARTIN QUIRA<br />
5. TATJANA FAKIN</h5>
<p>[/vc_column_text][vc_separator type=&#8221;transparent&#8221; up=&#8221;40&#8243; down=&#8221;0&#8243;][/vc_column_inner][vc_column_inner width=&#8221;1/2&#8243;][vc_single_image image=&#8221;15753&#8243; img_size=&#8221;150&#215;150&#8243; alignment=&#8221;center&#8221; style=&#8221;vc_box_circle_2&#8243; qode_css_animation=&#8221;&#8221; qode_hover_animation=&#8221;zoom_in&#8221;][vc_separator type=&#8221;transparent&#8221; up=&#8221;40&#8243; down=&#8221;0&#8243;][vc_column_text]</p>
<h4><strong>UNITÀ ELETTORALE 3 &#8211; LUCIA</strong></h4>
<h5>1. GAŠPAR GAŠPAR MIŠIČ<br />
2. JASMINA JAŠAREVIĆ<br />
3. DUŠAN PUH<br />
4. LEONIDA FURMAN<br />
5. STELIO JUGOVAC<br />
6. ŽANNA STERMŠEK</h5>
<p>[/vc_column_text][vc_separator type=&#8221;transparent&#8221; up=&#8221;40&#8243; down=&#8221;0&#8243;][vc_single_image image=&#8221;16534&#8243; img_size=&#8221;150&#215;150&#8243; alignment=&#8221;center&#8221; style=&#8221;vc_box_circle_2&#8243; qode_css_animation=&#8221;&#8221; qode_hover_animation=&#8221;zoom_in&#8221;][vc_separator type=&#8221;transparent&#8221; up=&#8221;40&#8243; down=&#8221;0&#8243;][vc_column_text]</p>
<h4><strong>UNITÀ ELETTORALE 4 &#8211; ENTROTERRA</strong></h4>
<h5>1. DENIS FAKIN<br />
2. MAJA LUŠINA<br />
3. JOSO BEGIĆ<br />
4. CLAUDIA CORONICA<br />
5. CLAUDIO CORONICA</h5>
<p>[/vc_column_text][vc_separator type=&#8221;transparent&#8221; up=&#8221;40&#8243; down=&#8221;0&#8243;][/vc_column_inner][/vc_row_inner][/vc_column][/vc_row]</p>
</section>
